-8)/(-4)). Let n be 6*(-2 + 5/2). Suppose 0 = -n*p + 276 - 84. What is the greatest common factor of i and p?
8
Let z(i) = i - 12. Let a be z(12). Let y be 174 + (1 + a - -1). Let l(v) = -2*v - 4. Let p be l(-13). Calculate the greatest common divisor of p and y.
22
Let o = 690 + -370. Suppose -o = d - 5*d. Let a = 9 - -1. Calculate the highest common divisor of a and d.
10
Suppose -1 = -2*r + r. Let s(q) = q + 1. Let u be s(r). Let n be (2 - 0)/u*55. Calculate the greatest common factor of n and 5.
5
Suppose 0 = -2*r - 4*v + 102, -3*r + 145 = -4*v + 2*v. Let m = 86 + 29. Let n = m - r. Calculate the highest common factor of 6 and n.
6
Let z(m) be the third derivative of m**5/60 + 5*m**4/12 - m**3/2 - m**2. Let t be z(-11). What is the greatest common divisor of 1 and t?
1
Suppose -d = -2*d - 3*v - 8, 3*d + v = 8. What is the highest common factor of d and 28?
4
Let q = -4 - -8. Let j be 2*q - (-6)/3. What is the greatest common factor of j and 90?
10
Suppose -620 = -5*d - 5*v, 2*d + v + 4*v = 260. Calculate the highest common factor of d and 12.
12
Let q(l) = -l + 19. Let g be q(11). Let j(s) = 16*s**2. Let f be j(-1). What is the highest common divisor of g and f?
8
Let w be 1/2 + 264/16. Calculate the greatest common divisor of w and 136.
17
Let j(i) = -i**3 - 27*i**2 + 27*i - 10. Let m be j(-28). Calculate the greatest common divisor of m and 2.
2
Suppose -2*a + 5*d + 20 = -15, -5 = a + 2*d. Suppose -11 = -n - 4*p, -n - 4*p - 4 = -a*n. What is the highest common factor of n and 2?
1
Let z(c) = 3 - 17 + 2 + 5*c + 3*c. Let v be z(8). What is the greatest common divisor of v and 13?
13
Suppose 0 = 4*q + q - 10. Suppose -3*k = 5*g - 46 - 15, -q*k + 62 = -2*g. Calculate the highest common divisor of 9 and k.
9
Let h(g) = 5*g**2 - 5*g. Let z be h(4). Suppose -2*w - w = 4*u - 60, -66 = -3*w - 2*u. Calculate the greatest common factor of z and w.
12
Suppose 2*t + 2*t - 264 = 0. Let b = 27 + -16. What is the highest common divisor of t and b?
11
Let y(m) be the second derivative of -m**5/20 - m**4/2 + 5*m**3/6 - m**2/2 - 5*m. Let w be y(-7). What is the greatest common divisor of w and 52?
13
Suppose 3*q - m = -100 - 46, 5*q - 5*m = -240. Let i = q - -83. Calculate the greatest common divisor of i and 85.
17
Suppose -4*t + 124 = -56. Suppose 2*n - 5*n = -t. Let r = -16 - -31. What is the greatest common factor of r and n?
15
Let h(r) = r**3 + 10*r**2 - 5*r - 3. Let q be h(-10). What is the highest common divisor of q and 235?
47
Suppose -3*d - 2*d + 5*z = 20, 0 = 4*d + 3*z + 2. Let o be -1*(1 + 0) - -2. Let t be (d - 2 - o)*-4. What is the greatest common divisor of 50 and t?
10
Suppose -24 = -3*v - 5*c + 4, 0 = 2*c - 4. Calculate the highest common divisor of 8 and v.
2
Let k = 7 - 2. Suppose -4*i - 140 = -0*i. Let l be (-2)/10 + (-1932)/i. What is the greatest common factor of k and l?
5
Let y(g) = 42*g - 2. Let v be y(-1). Let d = -20 - v. What is the greatest common divisor of 12 and d?
12
Suppose 3*x - 3*b - 15 - 3 = 0, -3*x = -5*b - 20. Calculate the highest common divisor of x and 25.
5
Suppose -29 = -3*b + 1. Suppose 0 = -3*t + 3 + 3. Calculate the highest common divisor of t and b.
2
Let y be ((-16)/24)/(1/(-9)). What is the greatest common divisor of 9 and y?
3
Let h = 427 - 304. Let v = h - 60. Let k = 3 + 4. Calculate the highest common factor of k and v.
7
Let y(d) = 4*d - 2. Let i be y(2). What is the highest common factor of 66 and i?
6
Let g(r) = -r**3 + 3*r**2 + 26. Let v be g(0). What is the highest common factor of 13 and v?
13
Suppose -194 = -5*f + 3*f. Suppose -5*q = -f - 3. Let g(j) = -j + 1. Let k be g(-4). What is the greatest common divisor of k and q?
5
Suppose j + m - 6*m = 33, 0 = 4*j + 5*m - 82. Suppose 4*d = 3*c - 21 - 2, 2*c + 5*d + j = 0. Let s = -63 + 66. What is the highest common factor of s and c?
1
Suppose w + 3*w - 24 = 0. Let k = -25 - -67. Calculate the highest common divisor of w and k.
6
Let m(l) = 2*l**2 + l + 27. Let d be m(0). What is the greatest common divisor of d and 135?
27
Suppose 2*o + 15 = -o. Let j be 12/(-30) - 17/o. Let x = j + 9. What is the highest common divisor of 24 and x?
12
Let o = 16 - -20. What is the highest common factor of o and 18?
18
Let i be ((-2)/(-4))/(4/96). Let j(a) = a**2 + a + 1. Let o be j(-2). Calculate the highest common factor of o and i.
3
Suppose 0 = -30*q + 842 + 1318. Let d be (-34)/(-4) + 2/(-4). Calculate the greatest common divisor of q and d.
8
Let s(c) = -11*c**3 + c + 2. Let d be s(-2). Calculate the highest common divisor of 22 and d.
22
Let f(m) = -58*m**3. Let w be f(-1). Suppose -5*p + w = 8. What is the highest common factor of p and 10?
10
Suppose 0 = -4*x, 0*s - 4*x = -s + 5. Let b be ((0 - 25)/(-1))/1. Suppose -b = 4*g + g, 0 = 5*a + s*g + 5. Calculate the greatest common divisor of 36 and a.
4
Suppose x = -5*m + 55, x - 28 = -4*m - 3*x. Calculate the greatest common divisor of 228 and m.
12
Let p = -12 - -3. Let h = -8 - p. Calculate the greatest common divisor of h and 1.
1
Let b(m) = -m**2 - 23*m - 21. Let i be b(-14). What is the highest common factor of i and 15?
15
Suppose 3*v = -2*p - 2, -2*p = 5*v - p - 6. Let s be v*4 - (-5 + 5). Let c(k) = 3*k**2 - k - 4. Let u be c(3). Calculate the highest common divisor of s and u.
4
Suppose 2*v - 51 = -3*m, 0 = -3*v - 7*m + 12*m + 86. Calculate the highest common divisor of 243 and v.
27
Let c(r) = -r**3 - r**2 + r + 26. Let s be c(0). What is the highest common factor of 52 and s?
26
Let n(v) = 2*v**2 + 18*v + 2. Let a be n(-10). What is the greatest common factor of a and 22?
22
Suppose 0 = 6*x - 43 - 125. Suppose 10 = -5*m + 45. Calculate the greatest common factor of x and m.
7
Let w be 2/7 - (-4)/(-14). Let i(r) = r + 89. Let o be i(w). Suppose -11 - o = -y. Calculate the greatest common factor of 10 and y.
10
Suppose -3*o = -5*o + 6. Suppose 0*k + 132 = o*k. What is the greatest common factor of k and 11?
11
Let m = -9 - -11. Suppose 3*i + m*i = 35. Calculate the highest common factor of 56 and i.
7
Let i be -2 + (-10)/3*-87. Suppose 2*w - 84 = -0*w - 4*r, 2*w + 3*r = 79. What is the greatest common factor of i and w?
32
Let r(u) = u + 11. Let b be r(0). Calculate the greatest common divisor of 77 and b.
11
Let s(b) be the second derivative of -b**3/6 + b**2 + b. Let k be s(-3). Suppose -k*m - 8 = -43. What is the greatest common factor of m and 21?
7
Let d = 31 + -22. What is the greatest common factor of d and 9?
9
Suppose -6*m + 10*m = 256. Calculate the highest common factor of 48 and m.
16
Let l(g) = 27*g**2 - 1. Let x be l(1). Calculate the highest common factor of 26 and x.
26
Let k(n) = -n**3 + 12*n**2 - 10*n - 11. Let f be k(11). Suppose -2*h + 2*p + 3*p = -83, f = -4*h + 3*p + 173. What is the greatest common factor of h and 66?
22
Let y be -1 + 8/2 + 2. Suppose 3*t = -y*c + 52 + 7, -4*t = -5*c - 32. Let s = 62 - -29. What is the greatest common factor of t and s?
13
Suppose -m + 1 + 3 = 0. Suppose 3*k + 2*k - c = -3, -3 = -m*k - c. Suppose 3*y - 92 - 76 = k. What is the highest common divisor of 8 and y?
8
Let b = -10 - -20. Suppose 0 = -p - 5*u + u + 96, 0 = -5*p - 4*u + 416. What is the highest common divisor of b and p?
10
Let r be 54/(-4)*24/(-18). Calculate the greatest common divisor of 45 and r.
9
Suppose -q - 9*q + 340 = 0. What is the greatest common divisor of 85 and q?
17
Suppose 5*w = -13 + 63. Let d(b) = 18*b - 4. Let p be d(3). What is the greatest common divisor of p and w?
10
Suppose d - 22 = -4*v, 10 = 5*d - 2*v - 12. Let z = d + 2. Calculate the greatest common divisor of 56 and z.
8
Suppose 0 = 2*k + k - 45. What is the greatest common factor of k and 5?
5
Suppose 4*r + 5*t - 34 = 0, -1 = -4*t - 9. What is the highest common divisor of 33 and r?
11
Let y(l) = -2*l + 6. Let o be y(12). Let h = 26 + o. Suppose -f - 29 = -4*b, 3*b - 23 = -4*f + 13. What is the highest common factor of b and h?
8
Suppose 5*h = -4 - 11. Let y be 0 + (-10 + h)/(-1). What is the greatest common divisor of y and 130?
13
Suppose -4*u = 2*r - 8, 8*r - 7 = 3*r + 3*u. Suppose -d = -2*d + r. What is the greatest common factor of d and 4?
2
Let s be 438/15 + 9/(-45). What is the highest common divisor of s and 145?
29
Suppose -3*q + 4 = -2. Suppose 0*d - q*d + 12 = 0. Let g = 6 + -2. What is th